6)?
6
Suppose 0 = -4*p + 2*a + 112356, -5*p - 4*a + 124259 + 16147 = 0. What is the tens digit of p?
8
Suppose -g - 63 + 23 = 0. Let a = 320 - g. What is the units digit of a?
0
Let v(y) = y**3 - y**2 - y + 3054. Let m be v(0). Suppose 38*b - 44*b = -m. What is the hundreds digit of b?
5
Let x(l) = 2*l - 12. Let f be x(8). Suppose f*z - 4*v - 116 = 0, -3*z = -2*z + 5*v - 41. Suppose 3*d - 155 - z = 0. What is the units digit of d?
2
Let w be ((-244)/12 + -2)*-3. Suppose -w = 2*p + 51. Let l = 139 + p. What is the tens digit of l?
8
Let f = -102 + 105. Suppose f*n = 6*n + 312. Let c = -65 - n. What is the units digit of c?
9
Suppose -155595 + 31294 - 26217 = -19*g. What is the hundreds digit of g?
9
Let v(c) = -8*c - 10. Let g(y) = 2. Let z(d) = -40*g(d) - 4*v(d). What is the hundreds digit of z(8)?
2
Let v = 140 - -715. Suppose 2*z - 4*z = 3*t - 1266, -5*z = 2*t - v. What is the hundreds digit of t?
4
Suppose 4*w = -2*c + 90136, -11*w + 14*w - 90131 = -2*c. What is the hundreds digit of c?
0
Let r = -7984 - -14574. What is the thousands digit of r?
6
Suppose 110*q = 114*q - 8, -7850 = -h + 8*q. What is the units digit of h?
6
What is the hundreds digit of (-1)/(-9)*-3 - 67294/(-3)?
4
Let r be (0 - -9*2) + -2. Let u be (-20)/r*-1*100. Let y = 208 - u. What is the tens digit of y?
8
Suppose -37447 = -4*g - 3*w, 4*g - 2*w = 2*w + 37412. What is the tens digit of g?
5
Let k(u) = -3*u - 1. Let s be k(-1). Let f be 2*1*99/18. Suppose -79 = -s*a - f. What is the tens digit of a?
3
Let d = 298 - 144. Suppose -2*p - 2*n - 7 - 187 = 0, 0 = p - 4*n + 112. Let f = p + d. What is the tens digit of f?
5
Suppose 5*m - 16*j = -18*j + 2273, -4*m - 5*j = -1815. Let a = m + -349. What is the hundreds digit of a?
1
Let k be -1 + 3 + (-404)/(-4). Suppose 0 = -k*r + 105*r - 162. What is the tens digit of r?
8
Suppose -17*b + 9*b = -7536. Suppose -9*d = -795 - b. Suppose 0 = -2*x + s + 116, 0 = -4*x + 3*s + d + 35. What is the units digit of x?
0
Let r(f) = f**3 - f**2 + 12*f - 26. Let h be (0 - (-15)/10)*16/3. What is the hundreds digit of r(h)?
5
Suppose 0*c + 9*c = 261. Let i = 8 + c. Let v = i + -29. What is the units digit of v?
8
Let k(w) = 3*w**3 + 54*w**2 - 13*w + 100. What is the hundreds digit of k(-17)?
1
Suppose -63 = -5*x + 27. What is the hundreds digit of 566*(5/(-4) - x/(-8))?
5
Suppose 18*c = 26*c - 200. Suppose -3*q = 23*i - c*i - 4389, 1467 = q - 2*i. What is the units digit of q?
1
Let q = 296 + -307. Let l(p) = 6*p**2 - 55*p - 37. What is the tens digit of l(q)?
9
Let r(a) = -47*a - 12. Let v be (-18)/24 + 33/(-4). What is the tens digit of r(v)?
1
Let z(y) = -12 + 196 + 26*y - 9*y + 118. What is the tens digit of z(21)?
5
Let b(i) = i**3 - 9*i + 4. Let l be b(3). Suppose 0 = -0*w + l*w - z - 1579, -10 = -2*z. What is the tens digit of w?
9
Let c(l) = l**3 - 9*l**2 - 50*l - 22. Let f be c(13). Suppose 5*i = -4*j + 229 + 3504, 2*i = f*j - 3726. What is the hundreds digit of j?
9
Suppose -s + 0*s - 2*y - 5 = 0, y + 4 = 0. Suppose l = 5*x + 19, -s*l + x + 38 = -l. Let c(f) = f**2 - 16*f + 19. What is the tens digit of c(l)?
7
Let t = 46 - 47. Let g be 4 + (t - (1 - 1)). Suppose 3*d + o - 224 = g*o, -2*d + 4*o + 136 = 0. What is the units digit of d?
8
Let x be (-4)/((-28)/63) - 6. What is the tens digit of (4/x)/(15/(110520/16))?
1
Let a = 683 + -687. Let c be 3 + -6 - (1 - 2). What is the tens digit of (c - 6/a) + (-1404)/(-24)?
5
Let n(c) = -3*c**2 - 48 + 48 - 163*c + 160*c + 7*c**2 - 32. Let o = -8 + 14. What is the tens digit of n(o)?
9
Let w(q) = 2*q**3 - 26*q**2 - q + 46. What is the units digit of w(21)?
1
Let d(x) = 158*x + 2. Let o be -75 - (-10 + 2 + 3). Let a = o - -71. What is the units digit of d(a)?
0
Let g be 1/((-4)/284 - 0). Let h = 1 + g. Let n = 151 + h. What is the tens digit of n?
8
Let w be -15*3/(-9) - -2. Let j = 66 - 5. Let l = j - w. What is the units digit of l?
4
Let o be 2 + 1984/(-18) - 10/(-45). Let f = -106 - o. Suppose f*d - 4*a - 370 = 0, 3*a = -0*d - 4*d + 795. What is the units digit of d?
5
Let d = -976 - -4562. What is the units digit of d?
6
Let u = 293 - 288. Let l(x) be the third derivative of -x**6/120 + x**5/5 - x**4/12 - 13*x**3/6 - x**2. What is the tens digit of l(u)?
5
Let u be (0*6/(-24))/(-2). Suppose u = 3*a + 14 - 200. What is the tens digit of a?
6
Let m be (0 + 0/4)*(1 + 0). Suppose 3*v = -f + v + 248, -2*f + v + 481 = m. What is the tens digit of f?
4
Let n be 7/(21/(-2))*-60. Suppose 3*i + 2*i + n = 0. Let c(x) = -8*x + 13. What is the tens digit of c(i)?
7
Let o(x) = -287*x**2 - 4*x + 1. Let r be o(-1). Let d = r - -319. What is the tens digit of d?
3
Let x be ((-8)/(-20))/((-4)/60). What is the hundreds digit of (-3*14)/(x/51)?
3
Let m = 73 - 73. Suppose m = -4*s - 0 + 1376. What is the hundreds digit of s?
3
Suppose -100 = -9*f + 107. Let k = 272 + f. What is the tens digit of k?
9
Let t(o) = 29*o**2 + 14*o + 44. What is the thousands digit of t(11)?
3
Let h = 112 - 57. Let j = h + -52. What is the units digit of j + (-234)/(-3)*1/2?
2
Let h be ((-8)/(-12))/((-3)/(-9)). Let d be 6/12 - (-3)/h. Suppose d*n + n - 406 = 4*k, n - 2*k = 138. What is the hundreds digit of n?
1
Let i = 535 - -31. Suppose r - 4*q - 338 = 0, 170 = 2*r + 4*q - i. What is the hundreds digit of r?
3
Suppose -5*v = a - 359, v + 1576 = 4*a + 161. Let o = a + -288. What is the tens digit of o?
6
Let d(g) = 581*g + 6366. What is the tens digit of d(52)?
7
Let b be (6/(-9))/((-5)/(-30)). Let z(u) = -u**2 - 12*u - 6. What is the units digit of z(b)?
6
Suppose -v + 27*v - 694841 + 260407 = 0. What is the ten thousands digit of v?
1
Let g(f) = -f + 24. Let k be g(22). Let v(z) = 31*z**3 + 4*z**2 - 2*z + 2. What is the units digit of v(k)?
2
What is the thousands digit of (-1614 + -1)/(14/72 + (-51)/204)?
9
Let c = 1806 + 8860. What is the tens digit of c?
6
Suppose 4*a = -2*x + 13750, 3*a - 6*x + 8*x = 10314. Suppose 1524 = 5*f - a. What is the tens digit of f?
9
Suppose 0 = -25*q + 5*q + 160. What is the hundreds digit of (q/3 - 3)*-804?
2
Suppose -167*s + 663*s - 34641136 = 0. What is the units digit of s?
1
Let x(f) = -5200*f - 3249. What is the thousands digit of x(-4)?
7
Suppose 4*s = 0, 14108 = -18*o + 22*o - 2*s. What is the hundreds digit of o?
5
Suppose 4*l - g = 80883, 2*l + 3*g = -7*l + 181971. What is the hundreds digit of l?
2
Let m be 49/(-294)*(0 - 0). Let q be ((-14)/4)/(1/(-112)). Suppose -3*i = v + 11 - 208, m = -2*v - 4*i + q. What is the units digit of v?
4
Let d = -4060 - -6540. What is the hundreds digit of d?
4
Suppose 15*h - 5963 = 48412. What is the hundreds digit of h?
6
Suppose -2*k - 8 = -3*m - 7, -2*m + 4*k = 2. Suppose u = 3*i - 700, 0 = u - m - 4. What is the tens digit of i?
3
What is the tens digit of -24*34768/615*(-10)/4?
9
Let l be (-4)/(-12)*13*-3*-29. Let x = -44 + l. What is the tens digit of x?
3
Suppose 48*s - 38*s + 1430 = 0. Let t = 210 - s. What is the hundreds digit of t?
3
Suppose -30 = 6*i - 102. What is the hundreds digit of 8334/i*5/((-60)/(-16))?
9
Let h = -26 + 42. Suppose 4 = -2*n, 3*x + n - 3*n - h = 0. Suppose 5*d - 451 = u + 2*u, -u = -x*d + 358. What is the units digit of d?
9
Suppose 4*y - 10 = y - 2*j, 5 = -5*j. Suppose 3*f = -m, -y*f + m = -0*f. Suppose f = -4*x + 2*o + 108, -2*o - 81 = -5*x + 2*x. What is the tens digit of x?
2
Let c(x) = -10301*x + 95. Let d be c(-6). What is the hundreds digit of d/63 - 8/(-18)?
9
Let b be 16/(-20) + 7608/10. Suppose f + 3*l = 382, 12*f = 10*f - 4*l + b. What is the tens digit of f?
7
Let m(p) = -62*p + 162 - 162. What is the tens digit of m(-3)?
8
Let r(t) = 18*t + 49*t + 5*t + 51. What is the units digit of r(5)?
1
Let f be 960/(-18) - -4 - (-2)/6. Let q = 538 - f. Suppose -5*u + q - 52 = 0. What is the tens digit of u?
0
Suppose -5 = 79*c - 74*c. What is the tens digit of (-3)/((-6)/(-812))*c?
0
What is the hundreds digit of (4/(-7) + 693/441)*(0 + 22102)?
1
Let x(a) = -10044*a + 2397. What is the thousands digit of x(-3)?
2
Let f(j) = 23*j**2 - 16*j + 25. What is the hundreds digit of f(12)?
1
Let d = 613 + -610. Let z be ((-2 + 0)*1)/(-1). Suppose d*a - 86 = z*a. What is the tens digit of a?
8
Let f be 552/(3*(-14)/(-63)). What is the hundreds digit of 23/3*f/12?
5
Suppose 3*a + 65417 = 4*x - 45465, 2*x - 55330 = -17*a. Wha